04953/(-893) composite?
True
Let v be 3 + 1*(-454)/(-2). Suppose v = 3*u - 313. Is u prime?
True
Suppose -710188 = -59*t - 134171. Is t a composite number?
True
Is -8 + (-302710)/(-35) + (-1)/(-7) a prime number?
True
Let k be 4 - ((-12)/(-4) + 1). Let v(y) = -y**3 - y**2 + 2*y + 457. Is v(k) composite?
False
Suppose 0 = 3*f + 6, -3*u + 4*f + 3384 = u. Suppose -4*i + u = -0*i. Is i a composite number?
False
Let o(j) = 7509*j - 724. Is o(13) a composite number?
False
Let k = -29306 - -73193. Is k a prime number?
False
Suppose 5*j + 13 + 13 = -3*x, 4*x + 20 = -3*j. Let r be 255 - (8/4)/x. Suppose -3*n - r = -4*a + 189, 0 = 2*n - 10. Is a composite?
True
Suppose 3*s - 7*s + 40 = 0. Let l be (36/30)/(3/s). Is (-14 - (-3 + l))/(-1) prime?
False
Let v = -62960 + 29680. Is (v/(-56))/8 - 2/7 a prime number?
False
Is 4/((-16)/28) + 14372 + 22 a prime number?
True
Suppose 92*x + 1506 = 89*x. Let k = 1281 + x. Is k a composite number?
True
Suppose -q + 5 - 2 = 0. Suppose -z + 2*p = 4, 3*z + q*p = 2*z + 6. Suppose 3*i - 1698 + 291 = z. Is i prime?
False
Let o = -3 + 8. Suppose -q = -y + 1, 4*q - q = -o*y + 21. Suppose q*w + 1 - 7 = 0. Is w composite?
False
Let t(b) = 4413*b**2 - 19*b + 20. Is t(1) prime?
False
Let o(d) = -2*d**2 + 1. Let s be o(1). Is (1 - s)*355/10 a composite number?
False
Let d = 6 + -2. Let t be (4 - 0)/(-3 + d). Suppose 0 = 7*o - t*o - 12. Is o prime?
False
Suppose 45*y - 158326 = 162119. Is y composite?
False
Suppose -7*b - 9373 = -68880. Is b a composite number?
False
Let a(k) = -2*k**3 - 11*k**2 + 9*k + 9. Suppose 3*o + 2*z - 6*z = -28, 2*o + 3*z + 13 = 0. Is a(o) a prime number?
True
Suppose 5*n - 84 + 4 = 0. Let g = n + 33. Suppose g + 129 = 2*k. Is k a prime number?
True
Let b(m) = -m**3 + 17*m**2 - 16*m - 13. Let a be b(16). Let i(r) = -8*r + 4. Let n be i(a). Suppose -2*h = -n - 248. Is h composite?
True
Is (1*78/(-9))/(6/(-2097)) composite?
True
Is 6*1839/8 + (-22)/88 a prime number?
False
Let i = 14 - 17. Let p be 2 + i + 1 + 2. Suppose -5*a + p*w = -329, 3*w - 7 = 2. Is a prime?
True
Let n be (-6 + 3)/(-3)*-4. Let y = n - -9. Suppose -b = -y*b + 136. Is b a composite number?
True
Let i(t) = 10*t - 43. Is i(12) a composite number?
True
Let g(y) = -9*y + 4 + 12*y**2 + 16*y**2 + y - 23*y**2. Let v(c) = -c - 5. Let u be v(6). Is g(u) a prime number?
False
Is (-3128 - 9)/(-3 + 40/14) a composite number?
True
Let x = -1889 + 4392. Is x a composite number?
False
Suppose -3*x - 14 - 7 = 0. Let h(z) = -40*z + 7. Is h(x) composite?
True
Let p(f) = -447*f - 137. Is p(-12) prime?
True
Suppose -3*s + 25881 = -9432. Is s a composite number?
True
Let x be (11/22)/(2/(-20)). Is -37*x/(-10)*-4 a composite number?
True
Let a(y) = 815*y - 513. Is a(44) prime?
False
Let j(l) = -2*l - 1. Let q be j(-4). Suppose 11*y = q*y + 1868. Is y composite?
False
Suppose 19*z - 17*z + 5*l - 44778 = 0, 67184 = 3*z - l. Is z a prime number?
False
Let h(j) = -40481*j - 382. Is h(-3) a composite number?
False
Let x(j) = -j**2 + 8*j + 11. Let p be x(9). Suppose p*h - 2762 = -r, -2762 = -2*h + r + r. Is h a prime number?
True
Let v = 49 - 222. Let z = 422 + v. Is z a composite number?
True
Suppose 6*v - 51 = 2367. Let w = v - 105. Is w composite?
True
Suppose -4*c - j = -103363, 160802 = 5*c + j + 31598. Is c composite?
False
Let v = 17 + -17. Suppose v = 5*y - 2*y - 60. Is (y/(-10))/((-2)/157) a composite number?
False
Suppose c = -16*c + 24463. Is c composite?
False
Let x = -14 - -8. Suppose 0 = 34*w - 40*w - 750. Let m = x - w. Is m composite?
True
Suppose r = 4*j - 0*r - 17284, 4*r + 12950 = 3*j. Is j prime?
False
Let i(o) = 3*o**2. Let p be i(-1). Let m(a) = 51*a**2 - 1. Let d be m(p). Suppose -4*j + 810 = -d. Is j composite?
False
Let r be (-3 - 46/(-8))*-4. Let k(b) = b**2 + 11*b + 3. Let p be k(r). Suppose -69 = -p*i - 6. Is i a composite number?
True
Let v(x) = 37*x - 9. Suppose -4*w + 2*s = -26, 3*w - 7*w + 47 = 5*s. Is v(w) composite?
True
Suppose -57 = -3*v - 3*a, 3*a = 6 + 3. Is (13*-149)/(-1) + (v - 19) composite?
True
Let r = 970 + -119. Is r a composite number?
True
Suppose -31*j + 46*j = 0. Suppose -2*z = -5*z + 24. Suppose j = z*i - 5*i - 102. Is i composite?
True
Let p(o) = -o**3 + 17*o**2 + 6*o + 8. Let u be p(17). Suppose 8*l - 426 = u. Is l a prime number?
True
Is (-40)/460 - (2 - 39769/23) prime?
False
Suppose 0*m - 953 = 5*n + 4*m, 3*m = 5*n + 939. Let x = 146 - n. Is x a composite number?
True
Suppose 7031 = 4*n - 11725. Is (n/(-36))/(-2 + 7/4) composite?
False
Let a(u) = -u**3 + 9*u**2 - 13*u - 4. Let p be a(7). Suppose -4*g + g - 2*t + 875 = 0, p*t = 3*g - 900. Is g a prime number?
False
Suppose 0 = 5*w + 6 - 11. Let u be (3 + -2)/w + 34. Is 2 + 2/1 + u prime?
False
Is 5/8 - 14350665/(-280) a composite number?
True
Let i(x) = 1487*x**2 + 13*x - 65. Is i(6) prime?
False
Let u be 396/55*(-20)/(-6). Suppose u*a = 27*a - 1173. Is a prime?
False
Let u(y) = 71*y - 21. Suppose -2*l + 3*q - 20 + 52 = 0, 5*l + q = 46. Is u(l) a prime number?
False
Let g(s) = 6*s**3 + 8*s**2 - 12*s + 25. Is g(6) prime?
False
Let d(l) = -40*l - 5. Let q(m) = -13*m - 2. Let p(v) = 3*d(v) - 8*q(v). Let j be p(-9). Suppose j = -5*k + 1410. Is k a prime number?
False
Let b(w) = 64*w**2 - 10*w - 69. Is b(-7) a prime number?
True
Suppose -5*w = -2*o + 2, 3*w - 1 + 0 = -o. Let c(r) = 838*r + 1. Let k be c(o). Suppose k + 1035 = 2*q. Is q a prime number?
True
Is 11/(-2) - (-13)/(-26) - -14743 a composite number?
False
Let v(c) = 321*c**3 - 3*c + 2. Let i be v(1). Let b = 62 + i. Is b a prime number?
False
Let b be ((-195)/(-10))/((-2)/20). Let r = 693 - 304. Let c = r + b. Is c a composite number?
True
Suppose 0 = o + 3*y - 15808, -2*y - 23970 - 23487 = -3*o. Is o a composite number?
False
Suppose 0 = -5*y - 20, -x + y = -2*x - 10. Let p = -1 - x. Suppose 4*b = b - 5*s + 401, -b + 147 = p*s. Is b prime?
True
Is ((-38523)/6)/(6/(-12)) composite?
False
Let z(b) = -2*b + 5. Let v be z(4). Let r be ((-13)/v + -3)*3. Suppose -7*a + 9 = -r*a. Is a a composite number?
False
Let j be 20/6 + 110/66. Suppose 5*c + j*k = 2995, -c + 587 = k - 6*k. Is c a prime number?
False
Suppose 0 = -4*y - 0 + 28. Suppose -2*q = -3*l - 47 + 16, -5*q + 5*l = -65. Suppose -q = -4*p, y*n = 3*n + p + 762. Is n composite?
False
Let s(v) = -v**2 + 5*v - 1. Let o = 14 + -10. Let f be s(o). Suppose -f*g - 148 = -7*g. Is g composite?
False
Let n(h) = h**3 - 10*h**2 - 2*h + 24. Let o be n(10). Suppose 2*y + o*y = 1518. Is y a prime number?
False
Let f(l) be the first derivative of 117*l**3 - l**2 - l + 13. Is f(2) prime?
True
Let q(p) = -p**3 + 5*p**2 - 2*p + 23. Let v be q(6). Let j(b) = -b**3 - 17*b**2 - 39*b - 24. Is j(v) a prime number?
False
Let s(a) = a**2 + 5*a - 7. Suppose 5 = -4*p - 3, -y + 3*p + 13 = 0. Is s(y) prime?
False
Let y be (-90 + -1)/(2 - 3). Let v = -212 + y. Let a = -70 - v. Is a a composite number?
True
Suppose m + w = 605 + 1053, -m - 5*w + 1662 = 0. Is m prime?
True
Suppose -5*m = -15 - 0. Suppose 5*g - 3*z - 22 = 0, m*g - 6*g + z = -14. Suppose 4*b = g*h + 53 + 130, 5*b = -h + 236. Is b a prime number?
True
Let o be -1*25 + (3 - 7). Let l = -29 - o. Suppose -p + l*p + 223 = 0. Is p composite?
False
Suppose 3*c = 5*w - 3330, 2*w - 350 = 2*c + 978. Is w a prime number?
False
Let k(y) be the third derivative of -y**5/60 + 7*y**4/24 - y**3/2 + 9*y**2. Let m be k(6). Suppose -m*q = -8*q + 1115. Is q composite?
False
Suppose -3*y + 16 = 2*f + 3*f, 5*y = f + 8. Suppose 0 = -f*o + 7 + 1. Suppose o*i + 175 = 995. Is i prime?
False
Suppose b - s + 8 + 53 = 0, 4*b + 4*s = -268. Let y = 138 + b. Is y composite?
True
Let g(b) = -10*b**3 + b**2 - 5*b - 4. Let v be (5/10)/((-2)/8). Let w be g(v). Let n = 133 - w. Is n prime?
True
Suppose -u - 18 = 2*w, 6*u - w = 3*u - 26. Let c = 9 + u. Is (7 - 8)/(c/22) composite?
True
Suppose -6645 = -13*a + 7486. Is a a composite number?
False
Let z(t) = t - 4. Let x be z(-7). Let c = 15 + x. Suppose 2*s + 4 = 14, 5*y - c*s - 405 = 0. Is y composite?
True
Suppose 0 = -x - 4*x. Suppose -2*b + 0*n = -4*n - 376, x = -2*b + n + 376. Is b/6 + 12/(-36) composite?
False
Let u(m) = 65*m**2 - 2*m + 10. Let g be u(5). Suppose -g - 176 = -y. Is y a composite number?
False
Let d be ((-301347)/(-13))/3 + 12/78. Let x = d - 4488. Is x prime?
False
Let k = -17 - -25. 